me factors of q.
2, 5
Let b be ((-2)/6)/((-3)/(-45)). Let m be (3/2)/((-6)/8). Let h = m - b. What are the prime factors of h?
3
Suppose -4*y = -6*d + 3*d - 379, 3*y + 4*d = 303. What are the prime factors of y?
97
Let c(s) be the third derivative of -s**6/120 - s**5/60 + s**4/8 + s**2. Let i(j) = 3*j**3. Let h be i(-1). List the prime factors of c(h).
3
Suppose -n + 15 = -0*n. Suppose -n = -5*j + 2*j. Let d = j + -1. List the prime factors of d.
2
Suppose 4*l - 36 = -4*u, -4*l + 0*u + 2*u = -12. Suppose 9 = 2*p - l. What are the prime factors of p?
7
Let z be 30/(-9)*(-3)/2. Let t(v) = -v**2 + 5*v + 3. Let a be t(z). Suppose -n - 24 = -a*n. List the prime factors of n.
2, 3
Suppose -h - h = -12. What are the prime factors of h/(3/9*2)?
3
Let y = 8 + -5. Suppose z - 5*t + 15 - 5 = 0, -74 = 4*z - y*t. List the prime factors of 4/z - 82/(-10).
2
Suppose 5*f - 7 = 3. Suppose -f*w = w - 27. List the prime factors of w.
3
List the prime factors of (-3)/(-9) - 4235/(-21).
2, 101
Let z(h) = -2*h**2 + 6*h - h**2 - 7*h**2 + 5 + h**3. Let j be z(7). List the prime factors of j/(-8) + 1/(-2).
2, 3
Let q = -113 - -161. Suppose -o + 8 = -3*h, -q = -4*o - h - 3*h. List the prime factors of o.
11
Let u(c) = -1. Let z(d) = d - 2. Let v(n) = -5*u(n) + 3*z(n). What are the prime factors of v(3)?
2
Suppose -4*i = -0*i - 32. What are the prime factors of i?
2
Let z(d) = -d**3 - d**2 + d - 1. Let x(l) = 4*l**3 + l**2 - 5*l + 2. Let j(r) = x(r) + 3*z(r). List the prime factors of j(3).
2
Let b = -7 + 12. Suppose b*a - 101 = -4*q, 3*a - q - 5 = 59. Let i = -3 + a. List the prime factors of i.
2, 3
Let a(r) = -2*r**3 - 6*r**2 - 3*r + 7. Let f be a(-5). Let p = f + -85. List the prime factors of p.
37
Suppose 15 = -3*n - 0. Let b(a) = -5*a + 12. List the prime factors of b(n).
37
Let f = 5 - 3. Suppose 5*p - 33 = f*p. List the prime factors of p.
11
Let r(x) = -32 + 0*x - 4*x + 3*x + 22. What are the prime factors of r(-14)?
2
Let l(r) = -r**3 - 7*r**2 + 12*r + 7. Let a be l(-8). Let o = -4 - a. What are the prime factors of o?
3, 7
Let w(h) = -h + 7. Let a be w(5). Suppose -4*r + 3*r + 35 = 4*b, -3*r + a*b + 49 = 0. What are the prime factors of r?
19
Suppose -f + 2 = 5. List the prime factors of 216/10 + f/5.
3, 7
List the prime factors of 1*(-6)/9*(-149 - 1).
2, 5
Suppose 5*u + 8 - 32 = -2*h, 0 = 4*u + 2*h - 20. Suppose -39 = -2*d - 3*t, 0 = u*d + 2*t + t - 69. List the prime factors of d.
3, 5
Let w = 80 + -38. List the prime factors of w.
2, 3, 7
Suppose 3*j = -2*u + 3*u - 22, -u + 42 = j. What are the prime factors of u?
37
What are the prime factors of (-174)/(-4) + (-22)/44?
43
Let n = 683 - 265. List the prime factors of n.
2, 11, 19
Suppose -5*b + 45 = 3*y, -y + 32 = 2*b + 3*y. List the prime factors of b.
2, 3
Let i be (0 - -1 - 2) + 1. Suppose -2*h + 2 + 2 = i. Suppose -3*n = -5*d + 23 - 70, h*d - 10 = -2*n. List the prime factors of n.
3
Suppose 1 = 5*u - 9. Let j = 4 - u. What are the prime factors of j?
2
Let b be 5/10*(254 + 2). List the prime factors of (15/(-2))/((-24)/b).
2, 5
Suppose -3*n + 1 + 8 = 0. What are the prime factors of n?
3
Suppose 4*m - 87 + 511 = 0. Suppose t - 4*d = -2, -4*d - 9 + 41 = -4*t. List the prime factors of t/(-25) - m/10.
11
Let f(j) be the third derivative of -j**5/60 - j**4/4 + j**3/3 + j**2. Let l be (1 - -2)/((-3)/6). What are the prime factors of f(l)?
2
Suppose 0 = -5*p + 5*r + 50, -4*p - 15 + 45 = r. Suppose u + 1 + 2 = 0. Let m = u + p. List the prime factors of m.
5
Let b be 1 + (1*-1)/1. Let s(g) = -5*g**3 - g - 2. Let j be s(-2). Suppose b = 2*d + 2*d - j. What are the prime factors of d?
2, 5
Let c(y) = -y**2 - 6*y - 1. Let o be (-5)/2*(4 - 2). What are the prime factors of c(o)?
2
Suppose -572 = -5*p - 3*n, -4*p + 49 + 410 = n. List the prime factors of p.
5, 23
Let v = -4 - -6. Suppose 2*d = c, 4*c = -2*d + v*c + 6. List the prime factors of 5/(-1)*(-2 + d).
5
Suppose 0*k = 5*k - 75. Let f = k + -10. Suppose -3*o = 2*o - 3*n - 29, o + 3*n = -f. List the prime factors of o.
2
Suppose 2*d + 3*d + 22 = -u, -5*u - 3*d = 0. What are the prime factors of u?
3
Let b = 81 - 78. What are the prime factors of b?
3
Let h be (-2)/(-9) + 526/(-18). Let v be 42 + 3*2/6. Let g = v + h. What are the prime factors of g?
2, 7
Let g = 84 - 28. List the prime factors of g.
2, 7
Suppose -3*a - x = a - 71, 0 = 5*x + 5. List the prime factors of a.
2, 3
Let x(g) = g**3 - 3*g**2 + 2*g + 4. Let j = -3 - -6. Suppose 6 + j = 3*v. List the prime factors of x(v).
2, 5
Let c = -49 + 90. Suppose -2*s + 4 = 0, -5*s = 3*d - s - c. What are the prime factors of d?
11
Let b = -2 + 3. Suppose 5*j = -x + 9, -4*x = 2*j + x + b. List the prime factors of j.
2
List the prime factors of 1*((-8)/(-4) + 39).
41
Suppose 0 = -2*d - 3*d + 5. Let r(q) = 11*q**2 + 1. What are the prime factors of r(d)?
2, 3
Let m be (-4)/(-18) + (-6)/27. Suppose 2*j = -2*n + 74, 5*j = n - m*n - 37. List the prime factors of n.
37
Let j be (-2 - 0)/2 + 13. Suppose y - j = -y. Suppose 0 = -d - 0*d - 5*m, 3*m = -y. What are the prime factors of d?
2, 5
Let n(h) = -14*h**3 - 20*h**2 + 3*h - 6. Let k(c) = -5*c**3 - 7*c**2 + c - 2. Let a(y) = 17*k(y) - 6*n(y). What are the prime factors of a(0)?
2
Let w = -176 - -372. List the prime factors of w.
2, 7
Let q(c) = 4*c**2 + 5*c - 4. What are the prime factors of q(-5)?
71
Suppose 9*w - 4*w - 230 = 0. Suppose 0 = -a + 2*y + 6, 2*a + a = -y + w. List the prime factors of a.
2, 7
Let r = 29 - 49. What are the prime factors of (-8)/r - 426/(-10)?
43
What are the prime factors of 7/((-14)/8) + 43?
3, 13
Let j be ((-24)/(-3))/(2 - 0). Let i(b) = b**3 - 2*b**2 - 5*b + 5. What are the prime factors of i(j)?
17
Let n be (9/(-6))/((-3)/8). Suppose n*g - h - 58 = 0, -2*h - 90 = -4*g - 30. List the prime factors of g.
2, 7
List the prime factors of -16*((-10)/8 + 0).
2, 5
Suppose -w + 5 = -6. Suppose 4*l = w + 1. Suppose l*f - 7*f = -48. What are the prime factors of f?
2, 3
Suppose -7*j + 2*j = y - 118, 103 = 5*j - 4*y. List the prime factors of j.
23
Suppose 52 = g + 13. List the prime factors of g.
3, 13
Suppose 2*j = j. Suppose -4*v - 12 - 4 = j. Let x(w) = w**3 + 4*w**2 + 2. What are the prime factors of x(v)?
2
Suppose 8*p - 13*p + 115 = 0. What are the prime factors of p?
23
Suppose 0 = -4*i - i + 30. Let x be -2*-9*(-3)/i. What are the prime factors of (9*-1)/(x/6)?
2, 3
Let o(r) = -r**2 - r + 1. Let m be o(-3). Let q(p) = p**3 + 4*p**2 - 7*p - 7. Let w be q(m). Suppose -w*s = -13 + 4. List the prime factors of s.
3
Let x = -8 - 1. Let q be 14 - -3*6/x. Let r = q + -3. List the prime factors of r.
3
Suppose 17 + 58 = 5*v. Suppose n - 2*n = -v. List the prime factors of n.
3, 5
Suppose -4*c + 4*l - 2 - 10 = 0, 5*c + 5*l - 15 = 0. Suppose 35 = -c*y + y. What are the prime factors of y?
5, 7
Suppose -4 = 4*t, -3*q - 47 = -2*t + 11. Let d = 5 + -11. List the prime factors of d/5*q/3.
2
Let c(f) = -5*f - 6*f + f**2 + 3*f - 7. What are the prime factors of c(9)?
2
Let b(h) = -4*h**2 - 4*h - 4. Let f be b(-5). Let x be (1/(-3))/(7/f). Suppose -x*r + 25 = -15. List the prime factors of r.
2, 5
Let s be 9/3 + -13 + 3. Let d = -4 - s. Suppose 0 = 5*m + 4*k + 5 - 94, 0 = -3*m - d*k + 54. List the prime factors of m.
17
Suppose 2*p - 13 = -5. Suppose p*t - 23 = 3*x, 5*t - 20 = x + x. What are the prime factors of 1 + (1 - -1) + t?
5
Let c = -18 - -8. Let l = -2 - c. What are the prime factors of l?
2
Let g(q) = q + 4. Let p be g(-5). Let a be (-1)/p + (-5 - 1). Let x = a - -16. List the prime factors of x.
11
What are the prime factors of 196/(-8)*(-216)/42?
2, 3, 7
Let o(u) = u**3 + 10*u**2 - 2. Let l be o(-10). Let j = l + 2. Suppose j*n + n - 3*c - 25 = 0, -20 = 4*c. What are the prime factors of n?
2, 5
Let j(v) be the first derivative of v**2/2 - 43*v - 1. Let t be j(0). Let m = -31 - t. What are the prime factors of m?
2, 3
Suppose r = -2*r + 4*z - 4, -55 = 5*r + 3*z. Let f be (1/2)/(1/(-22)). Let i = r - f. List the prime factors of i.
3
Let f(m) = 3*m + 7. What are the prime factors of f(-1)?
2
Let t be 4 - 1 - (-1 + -2). List the prime factors of (t + 14)/(-1 + 2).
2, 5
Let p = 6 + -4. Suppose 10*c = 4*c - 6. List the prime factors of 17 + p + 2 + c.
2, 5
Suppose 0 = v + 4*v - 15. Let b be v - (-2*1 - -2). Suppose 0 = -b*m + 6 + 3. L